c(n).
2
Let a(d) = -2*d - 3. Let q(z) = -z**3 + 5*z**2 - 3. Let t be q(5). Give a(t).
3
Suppose -4 = -4*h + 2*h. Suppose -5*s + 14 = -h*y, 2*s + 3*s - 23 = -y. Let m(u) = -u**2 + 4*u - 3. Calculate m(s).
-3
Let w = 1 - 3. Let o(t) be the second derivative of 0 - 1/3*t**3 - 3/2*t**2 + 6*t. Give o(w).
1
Suppose -10 = -0*p + 2*p, -5*l + 40 = p. Let c(o) = o**2 - 9*o - 1. Give c(l).
-1
Suppose -2*m + 5*l = -4*m + 23, -5*m - 25 = -4*l. Let x(t) = -10*t**3 + 2*t + 1. Give x(m).
9
Let l(x) = -5*x**2 + 2*x**2 + 3*x**3 + 7*x**3 + 4*x**2. Calculate l(-1).
-9
Let g(t) be the third derivative of -t**4/12 - 5*t**3/6 + 3*t**2. Let r(k) = -3*k - 10. Let v(l) = -7*g(l) + 4*r(l). Determine v(4).
3
Let j(a) be the third derivative of -a**6/120 - a**5/12 - a**3/2 - a**2. Calculate j(-5).
-3
Let b(h) be the second derivative of -h**3/3 - h. Let m(j) = 5*j. Let s(l) = -7*b(l) - 3*m(l). Suppose 4*k = -5*a + 8 + 2, -5*a + 3*k = 25. Give s(a).
2
Let y(k) = -k**3 + 4*k**2 + k. Let f = 8 + -3. Let v be 2/f - (-258)/30. Let i = -5 + v. Calculate y(i).
4
Let f = 10 - 5. Suppose 0 = 3*o - 2*p - p + 9, f*p - 27 = -o. Let j(x) = 5*x**2 - 3*x + 5 - 4*x**o + 0*x - 4*x. Determine j(5).
-5
Let a be (-1 - 1)*(0 + -1). Let w be (-2)/7 + a/7. Let q(u) = w - u**2 + 3 + 2*u - 4*u. Determine q(2).
-5
Let r(b) = b**3 - 5*b**2 + 6*b - 7. Suppose 9 = -0*w + 3*w. Let x(j) = 11*j - j**w + 3 + 3*j**3 - 17 - 10*j**2. Let y(k) = 5*r(k) - 3*x(k). Determine y(5).
-8
Let h = -19 - -26. Let t(l) = l**3 - 6*l**2 - 7*l + 1. What is t(h)?
1
Let m(r) = -1. Let k(s) = -s + 10. Let j(u) = 2*k(u) + 14*m(u). Let v = -9 - -14. Give j(v).
-4
Let v(h) = h - 6. Suppose -32 = -2*y + 4*b, -y + b - 5 = -16. Give v(y).
0
Let q(s) = -s**2 + 6*s - 6. Let l be 1/((2/(-4))/(-1)). Let f be (-5)/l*12/(-5). What is q(f)?
-6
Let j(o) be the second derivative of o**5/20 + o**4/12 - o**3/6 - 9*o**2/2 - 2*o. Give j(0).
-9
Let c(y) = -7*y - 1. Let r(j) = 6*j. Let w(x) = 5*c(x) + 6*r(x). Determine w(4).
-1
Let l(v) = -v + 4. Let w be l(4). Suppose w = -2*f + 3*f - 5. Let a(k) = 2*k + 3 - 4 + k**2 + 2*k - 7*k. What is a(f)?
9
Let d be 13/2 - 1/2. Let b be 7 + 4/((-8)/d). Let w(p) = -p**3 + 4*p**2 + 2*p - 5. What is w(b)?
3
Let l(f) = f**2 - 7*f + 4. Suppose 2*i - m - 13 = -2*i, 4*i - 4*m - 4 = 0. What is l(i)?
-8
Suppose -5*t + 0*g + 2*g = 1, -5*g - 14 = 4*t. Suppose 0 = -2*k + 2, 4*c = -c - k + 11. Let i(w) = 32*w + 7*w**2 - 2*w**c - 1 - 32*w. Determine i(t).
4
Let r = 14 + -10. Let g be (1 + -1)/(r + -3). Let n(s) = -4 + g*s - 2*s + 3*s. Calculate n(-5).
-9
Let b(v) = v**2 + 3*v - 3. Let q(i) = i - 1. Let w(y) = -2*b(y) + 7*q(y). Calculate w(3).
-16
Suppose -4*f + 0*f - 16 = 0. Let v be 1/2 + 14/f. Let p = v + 5. Let c(j) = -3*j. Determine c(p).
-6
Let l(f) = -f**3 - 4*f**2 + 4*f - 3. Suppose 14*n - 17*n - 12 = 0. Give l(n).
-19
Let t be (-1)/((-4)/3)*4. Let m(o) = 0*o - 1 - 9*o**2 + t*o - o. Give m(1).
-8
Let b = -5 - -7. Suppose 0 = -b*r - 0*r + 10. Let u(j) = 3*j**2 + 8*j - 1. Let i(w) = -2*w**2 - 5*w + 1. Let y(m) = r*u(m) + 7*i(m). Give y(-5).
2
Let m(l) be the second derivative of l**3/3 + 4*l**2 - 4*l. Let y be m(-6). Let o(t) = 3*t**3 + t**3 - 5*t + 3*t**2 + 2 - 3*t**3. Give o(y).
6
Let s(g) = 6*g**3 - 4*g - 1. Let c(t) = -19*t**3 + 11*t + 3. Let r(i) = 6*c(i) + 17*s(i). Determine r(1).
-13
Let l(u) = -8*u**2 + 30*u**3 + 2*u - 29*u**3 - u - 10. Determine l(8).
-2
Let y(r) = -r + 8. Let k(m) = m - 2. Let p(o) = 2*k(o) + y(o). Determine p(5).
9
Let s(h) = h - 14. Let m be (4/(-6))/(12/(-108)). Give s(m).
-8
Let u(q) = 2*q**2 + q + 1. Let m be 528/54 + 2/9. Let w be (-4)/m*(6 + -1). What is u(w)?
7
Let z(s) = -5*s + 18. Let h be z(4). Let g(x) = -x**2 - 2*x + 1. What is g(h)?
1
Let a be (-27)/108*(-24)/1. Let r(k) = k**2 - 4*k - 5. Determine r(a).
7
Let b(d) be the second derivative of 1/2*d**2 + 1/6*d**4 - 2*d + 0 + 2/5*d**5 + 1/3*d**3. Let h be (-1 + -1)/(0 + 2). Determine b(h).
-7
Let w(s) = s**3 - 4*s**2 - 6*s - 5. Suppose 3*b + 2 + 4 = 0. Let x be b/10 + 26/5. Give w(x).
-10
Let v(i) = 6*i + 5. Let t(k) = -17*k - 14. Let q(n) = 3*t(n) + 8*v(n). Determine q(-2).
4
Let q(i) = i**3 - 7*i**2 - 6*i + 3. Let f be (-2)/(-2) - 21*5/(-15). Give q(f).
19
Suppose 0 = -2*w + w + 2. Let s be (-1 - 0)/((-1)/2). Let c(j) = s*j + 3*j - 2 + j**w - 2 - 4*j. What is c(0)?
-4
Let j(i) = -i**2 + i. Suppose -5*y + 6*y = -3. Give j(y).
-12
Suppose m + 2*c + 0 - 5 = 0, m - 13 = 2*c. Let w be 39/m + (-2)/6. Let t(s) = -3 + s**3 - 2*s**2 + 5 + w*s**2. Determine t(-2).
2
Let c(y) be the third derivative of y**4/24 + y**3/2 + 5*y**2. What is c(-4)?
-1
Let d(j) be the third derivative of -j**8/6720 - j**7/1260 + j**6/360 - j**4/24 - 3*j**2. Let q(h) be the second derivative of d(h). Determine q(-2).
-4
Let z(x) be the second derivative of -5*x**3/6 - x**2/2 + 21*x. Calculate z(3).
-16
Let d(n) = 2*n - 4. Let a = 5 - 1. Determine d(a).
4
Let q(k) be the second derivative of -k**4/12 + k**3/2 + 9*k. Give q(3).
0
Let w = 16 + -10. Suppose k = 3*s - 4, 6 = 3*k - 0*k. Let o(z) = -z**2 + 5 + 15*z + s*z**2 - 22*z. Give o(w).
-1
Let b be (0 - -2) + 0/1. Let v(s) = -s + 6*s**3 + 8 - 7*s**3 - 6 - 5*s**b. Calculate v(-5).
7
Let i be (-9)/(0 - -3) + 2. Let c(g) be the first derivative of -5/4*g**4 - 1/2*g**2 + 1 + 0*g + 0*g**3. Determine c(i).
6
Let d(x) be the second derivative of x**4/12 + 7*x**3/6 + 3*x**2/2 + 7*x. Determine d(-5).
-7
Suppose 4*c - 7 = -3*t + 20, c = 4*t - 17. Let j(l) = l**2 - 4*l + 2. Let h(o) = -1 - 3*o + 2*o - o**2 + 4*o. Let f(s) = -2*h(s) - 3*j(s). Determine f(t).
1
Let l(o) = o**3 - o - 3. Let z(r) be the first derivative of -r**4/4 + r**3/3 - 4. Let b be z(0). What is l(b)?
-3
Let y(n) = n**3 + 2*n**2 - n - 1. Suppose -3*j + t - 13 = 0, -5*j - t - 40 = t. Suppose 0 = q - 5*q, -5*c + 3*q - 40 = 0. Let b = c - j. Give y(b).
1
Let x(s) = -s**3 + 5*s**2 + 6*s. Suppose 4*a - 28 = -b, 6*a - 4*b = 2*a + 8. What is x(a)?
0
Let q = 14 + -10. Let m(k) = k**2 - k**3 + q - 4*k**2 + 2*k - k**2. What is m(-4)?
-4
Suppose -2*x + 1 = -3*a + 20, -x = 4*a - 18. Let d(u) = -4*u + 1. Calculate d(a).
-19
Let b(z) = -7*z - 3. Let c(t) = -t - 11. Let y be c(-9). Give b(y).
11
Let r(j) = -j**3 - 6*j**2 - 8*j + 4. Let g(w) = -2*w**3 - 7*w**2 - 9*w + 4. Let c(k) = -2*g(k) + 3*r(k). Give c(5).
-1
Let v(m) = -7*m + 0*m**2 + 0*m**2 + m**2. Let j(p) = p**2 - p. Let a be j(1). Suppose a = 5*s + 7 - 32. Calculate v(s).
-10
Let b = 14 + -23. Let m(h) = h**3 + 10*h**2 + 8*h - 9. Determine m(b).
0
Suppose -5*s - 4*t + 7 = -7*t, 5*t = -2*s - 22. Let k(l) be the third derivative of -13*l**5/60 - l**4/24 - l**3/6 + 2*l**2. Calculate k(s).
-13
Let r(s) = -10*s + 10. Let x(j) = -3*j + 3. Let l(w) = -2*r(w) + 7*x(w). Determine l(6).
-5
Let p(d) = 2*d**2 + d + 2. Let q(w) = 6*w**2 + 2*w + 6. Let x = 17 + -7. Let i(u) = x*p(u) - 3*q(u). Determine i(-2).
2
Suppose -3*s = 4*d - 1 - 24, -2*d + s = -25. Let j(b) = b**3 - 11*b**2 + 10*b. Give j(d).
0
Let u(v) = -1 - 4*v - v + 0*v + 2*v. Suppose -3*k + 5 = -1. What is u(k)?
-7
Suppose -3*v + 14 = -1. Let d(j) = -4*j**2 - 8*j**3 - 7*j + v + 1 + 9*j**3. What is d(5)?
-4
Let o be (-3)/(-4) - 2/(-8). Let z = -1 + o. Let k(d) = d**2 - 10 - 24*d + 25*d + 5. Calculate k(z).
-5
Let s(v) be the second derivative of -v**5/20 + v**4/3 + v**3 - v**2/2 + 3*v. Let q be s(5). Let r(x) = 3*x + 0*x - q*x. Calculate r(1).
-1
Let x(y) be the first derivative of 2*y**3/3 - y**2/2 - y + 3. Let w(l) = -2*l**3 + l**2 + l. Let m be w(-1). Determine x(m).
5
Let o(r) = -9*r. Let p(u) = u. Let z(y) = -o(y) - 6*p(y). Calculate z(-2).
-6
Let s(g) be the second derivative of -g**4/4 + g**3/2 + 2*g**2 + 14*g. Calculate s(3).
-14
Let q(r) = r**2 - 6*r - 4. Let j be q(6). Let t(o) = o**2 + 6*o + 5. Calculate t(j).
-3
Let o(m) = -m**3 + 4*m**2 - m + 3. Let b = 13 + -5. Suppose 2*z = -0*z + b. Suppose 16 = 3*l + z. Determine o(l).
-1
Suppose 3 = 3*k - 0*c + 3*c, 0 = -k - 4*c - 8. Let y(o) = o - 3*o - 3*o + 6 + k*o. Suppose -3*t + 0 + 12 = 0. Determine y(t).
2
Let o(h) = -h**3 - 5*h**2 - 5*h - 1. Let t(k) = -k**3 + 3*k**2 + 8*k + 6. Let y be t(5). Calculate o(y).
3
Let n(f) be the first derivative of -2*f + f**3 - 1 - 1/4*f**4 - f**2. Let c be (0 + (-35)/10 + 4)*4. What is n(c)?
-2
Let g(k) = -k**2 - 3*k - 6. Let u be g(-3). Let t(s) = 3*s + 7. Calculate